- 4 = 0, 0 = -2*r - h*k + 88. What is the greatest common divisor of r and 294?
42
Let z be (3686/570)/((-2)/(-6)) + 24/40. Let v = 3 - -72. Calculate the greatest common divisor of z and v.
5
Suppose -14*n + 2977 = n + 727. Calculate the highest common divisor of 108 and n.
6
Let k(w) = 5*w**2 + 382*w - 297. Let z be k(-84). What is the highest common factor of 30 and z?
15
Suppose -3*x = 9, 3*j - 5*j + 6*x + 14814 = 0. Calculate the greatest common divisor of 54 and j.
54
Let n = -144 - -324. Suppose -422*z = -428*z + n. Calculate the highest common divisor of z and 270.
30
Let c be (-4 - -2)/(0 - 1). Suppose 18*f - c*f - 448 = 0. Suppose -3*s + 84 = s. What is the greatest common factor of s and f?
7
Let t be 946425/275 + (0 - (-18)/(-33)). Calculate the highest common divisor of t and 124.
31
Let s(j) be the first derivative of -8*j**2 + 12*j + 14. Let a be s(-11). Suppose -a - 64 = -3*b. What is the highest common divisor of 28 and b?
28
Suppose -4*t + 667 = -8*h + 55, -4*t + 2*h = -648. Calculate the highest common divisor of t and 5280.
165
Let c = 15 + -13. Let b be -2 + 12/5 + c/(-5). Suppose b = -2*z + 15 + 9. What is the greatest common factor of 16 and z?
4
Suppose -11 + 37 = 13*g. Suppose 6*l + 3*z - 22 = 5*l, 2*z + g = l. Suppose 0 = -2*w + 5*w - 15. Calculate the highest common divisor of l and w.
5
Let j(s) = -277*s - 513. Let p be j(-5). Calculate the highest common factor of p and 56.
8
Let g = -16426 + 16458. Let j be (6/(-4))/((-6)/32). Calculate the greatest common divisor of j and g.
8
Let z be (-2)/(9/36 + 34140/(-136368)). Calculate the highest common factor of 24 and z.
6
Let o be 56/196 + (-124)/(-7). Let h(t) = -4*t**3 + 8*t**2 + 15*t. Let p be h(-5). Let m be (-1)/(-1 + p/630). Calculate the greatest common divisor of m and o.
18
Let j = 4222 - 4216. What is the highest common divisor of 27 and j?
3
Suppose -15*u = -5*q - 10*u + 1475, -4*u = q - 320. What is the highest common factor of 450 and q?
150
Let t(s) = s**2 + 15*s - 13. Let x be t(-16). Let b be (378/(-70))/(x/(-15)). Calculate the highest common divisor of b and 3.
3
Let o be (-3210)/(-35) + (-28)/(-98) - -6. What is the greatest common factor of 13720 and o?
98
Suppose 0 = d - 3*u - 800, 3*d = -5*u + 2069 + 247. Calculate the greatest common factor of d and 170.
34
Let t = 6684 + -5756. What is the greatest common divisor of 96 and t?
32
Suppose n - u - 225 = 189, 0 = 2*n + 5*u - 800. Calculate the greatest common factor of 1558 and n.
82
Suppose 23*k - 35*k - 1380 = 0. Let c be ((-207)/k)/(3/185). What is the greatest common divisor of c and 37?
37
Suppose 1365*w = 1313*w + 14040. Calculate the highest common factor of 27810 and w.
270
Let t = 276 + -281. Let u(g) = g**2 + 5*g + 8. Let r be u(t). Suppose 0*i - 3*n = -5*i + 52, 4*i - 12 = -5*n. What is the highest common factor of i and r?
8
Suppose -36*m + 708 = 540 - 1020. Calculate the greatest common factor of m and 3179.
11
Let a be 2595/(-692)*(-224)/6. Suppose 9 + 26 = p. What is the highest common divisor of p and a?
35
Suppose l = 6*l - 410. Let u be 19800/(-350) - (-4)/(28/(-3)). Let y = l + u. What is the greatest common factor of 25 and y?
25
Suppose w - 20 = 5*r, 29*r - 26*r + 20 = -w. Let c be r/(10/(-2)) - -532. What is the greatest common factor of 26 and c?
13
Suppose -3931 + 159 = -82*v. Calculate the greatest common divisor of 26542 and v.
46
Suppose 34801 + 29699 = 334*r + 17740. Let g(s) = 21*s + 7. Let n be g(8). What is the greatest common factor of n and r?
35
Suppose 4*s - 5*t = 326, -175*s + 388 = -170*s - 3*t. What is the highest common factor of s and 4255?
37
Let q be (9 - 1) + (-12 - -6) + 6. Let c(v) = 3*v**2 - 19*v + 18. Let s be c(q). Calculate the greatest common factor of 29 and s.
29
Let t = -14491 + 15027. Suppose 126 = k + k - 2*u, -3*u - 122 = -2*k. What is the highest common factor of t and k?
67
Let m(a) be the first derivative of 4*a**3 + 31*a**2/2 - 14*a - 126. Let r be m(-6). What is the greatest common divisor of 29 and r?
29
Suppose 4*k = 5*j - 4, k - 19 + 7 = -2*j. Let a be 230*2*(74/(-20) + j). What is the highest common factor of a and 12?
6
Let v = -1409 - -2009. Suppose -18*s - 2*s + v = 0. What is the highest common factor of s and 135?
15
Suppose 2*y = i + 52, 3*i + 70 = 3*y - 2. Let t = -482 + 538. Calculate the greatest common factor of y and t.
28
Let r = -66 - -68. Let h be 28 - (10 - 7 - (0 + r)). Let v(n) = -38*n - 7. Let u be v(-8). Calculate the greatest common divisor of h and u.
27
Let z = -214 - -190. Let k be (z/(-4))/((-7)/(-5) - 1). What is the greatest common divisor of k and 10?
5
Let a = -8 - -12. Suppose -a*z = 3*o - 440, 0*o + 4*o - 4*z = 568. Let p(x) = x**2 - 2*x + 3. Let s be p(-3). Calculate the greatest common divisor of o and s.
18
Let g(b) = -2*b**3 + 111*b**2 - 105*b - 54. Let z be g(54). Calculate the greatest common factor of z and 48.
48
Suppose 0 = 26*y - 25*y + 2*v + 4, -2*v = -y + 8. Let a be ((-50)/20)/(3/(-72)*y). Calculate the greatest common divisor of 20 and a.
10
Let r be (-3 - (-9152)/(-110))/((-18)/(-10) - 2). What is the highest common divisor of r and 1?
1
Let i(f) = 29*f - 2. Let w be i(4). Suppose -337*u - 5*z = -340*u + 523, 2*u - 344 = z. What is the greatest common divisor of u and w?
57
Let r = 88 - 87. Let v be (16 + -72)/((-1)/r). Suppose 10*i + 40 = 15*i. What is the highest common factor of v and i?
8
Suppose 580*z - 970 = -u + 581*z, -2*u + 1948 = -3*z. Let w = -23 - -97. Calculate the greatest common divisor of u and w.
74
Let h = 85 - 82. Suppose -c = 3*c - h*a - 28, 20 = 2*c - 3*a. What is the greatest common divisor of 16 and c?
4
Let w be (12 + 3)/(-3) + -58. Let h = w + 69. Suppose 5*f - 28 - 236 = 3*c, f - 62 = -4*c. Calculate the highest common divisor of h and f.
6
Let k(p) = 4*p**2 + 99*p - 2069. Let f be k(30). What is the greatest common divisor of 21 and f?
7
Let l be (2 - (1 - -1)) + 5. Suppose l*t - 330 - 330 = 0. Let i = 36408 + -36396. What is the highest common factor of t and i?
12
Suppose 7 = -2*j + 41. Let y be -4*((-7)/14 - (-2)/(-8)). Let s = 48 + y. What is the greatest common factor of s and j?
17
Let f be (-5 + (-130)/(-20))*(699 - 9/(-3)). Calculate the greatest common divisor of f and 117.
117
Let u(f) = -931*f - 2657. Let w be u(-6). Calculate the greatest common divisor of 116 and w.
29
Suppose -36 = -23*b + 14*b. Let x(o) = 2*o**2 + 2*o - 20. Let g be x(b). Calculate the greatest common divisor of g and 220.
20
Let s(a) be the first derivative of 8 - 1/3*a**3 - 4*a + 4*a**2. Let w be s(6). What is the greatest common factor of w and 48?
8
Let z(a) = a**3 - 8*a**2 + 13*a - 26. Let s be z(6). Let f be 133/5 - 8/s. Suppose 0 = 4*b - 351 + 27. What is the highest common factor of f and b?
27
Suppose 2*v - 26910 = 2*x, -3*v + 17829 = 3*x - 22572. What is the highest common factor of 42 and v?
21
Let z(p) = p - 11. Let a be z(11). Suppose 2*d - 3*d + 66 = a. Suppose -4*q + 3*q + l = -16, -4*q + 3*l = -d. What is the greatest common divisor of q and 6?
6
Let o be 3 - (-2 - (-10 + 125)). Calculate the highest common divisor of o and 8.
8
Suppose 84*r = -2*s + 88*r + 330, 2*s - 5*r - 340 = 0. Suppose w = -5*c + 20, -4*w = -w + 5*c - 30. What is the greatest common factor of s and w?
5
Suppose 2*b + z + 33 = 464, 3*b + 5*z - 650 = 0. Let c = b - 193. Calculate the greatest common factor of 6 and c.
2
Suppose 0 = -g - 13*k + 16*k + 10, -3*g + 34 = -5*k. Suppose 4*a = -g*a + 340. Calculate the highest common divisor of a and 12.
4
Suppose -543*y = -554*y + 9834. Calculate the highest common factor of 6 and y.
6
Let o(b) = 2303*b - 348. Let q be o(1). Calculate the greatest common divisor of 340 and q.
85
Suppose 0 = -34*m - 9*m - 2107. Suppose 2*h = 3*c - 325, -3*c + 0*h - h + 328 = 0. Let z = m + c. What is the greatest common factor of z and 12?
12
Suppose -2*w = 4*u - 130, 5*u - 6*w - 179 = -3*w. What is the greatest common divisor of 14 and u?
2
Let r be 314/4 - (-252)/168. Calculate the highest common factor of r and 50.
10
Let d be 4/(-8) + 47/(-2). Let m = d + 27. Let t = 105 + -102. Calculate the highest common divisor of m and t.
3
Let i(u) = -3*u**2 + 2*u. Let j(h) = h. Let r(t) = -i(t) + 6*j(t). Let q be r(4). Calculate the greatest common divisor of 96 and q.
32
L